- 5. Let c(u) = -u + 8. Let v(a) = -2*a - 5. Let p be v(-11). Let f = p - 9. Let x be c(f). Calculate h(x).
-5
Let t be 8/(-4) - -2 - 14. Let v = -8 - t. Let c(o) = 6*o + 4 + 16*o**2 - 7*o**2 - 10*o**2. Calculate c(v).
4
Let w(t) = 8*t - 8. Suppose -2*q + 7 = -5*y, -4*y + 3*q = -3*y - 9. Let j be w(y). Let p = 34 + j. Let v(c) = -2*c**2 + c. Determine v(p).
-6
Let n(w) = -2*w**3 + 10*w**2 - 6. Let i be n(5). Let o(p) = -p**2 - 2*p + 10. What is o(i)?
-14
Let t(s) be the third derivative of s**5/60 - 19*s**4/24 - 9*s**3/2 - 176*s**2 - s. Calculate t(20).
-7
Let d be (1/(-2))/((-1)/(-10)) - 1. Let k(c) = 5 + c**3 - 4*c + 2*c**2 + 2*c**2 - c**2 + 2*c**2. What is k(d)?
-7
Let h(b) be the first derivative of b**3/3 - 3*b**2 - 25*b - 218. Determine h(8).
-9
Suppose 4*x = -2*n + 18, -19 = -3*x + n + 3*n. Let c(w) be the second derivative of -w**5/20 + w**4/3 + 5*w**3/6 + 113*w. Give c(x).
0
Let c(s) = -s**3 - 3*s**2 - 1. Let m be c(-3). Let g(f) = 4*f**3 - 6*f**2 + 8*f**2 + f - f**2. What is g(m)?
-4
Let v(d) be the first derivative of -d**3/6 + 4*d**2 + 3*d + 12. Let o(z) be the first derivative of v(z). Let u = 3 - -1. Calculate o(u).
4
Let j(v) = 3*v**2 - v + 1. Suppose 0 = -4*x + 5*k + 16, 17 = 5*x - 5*k - 3. Let h be ((-2)/x)/(9/(-18)). Determine j(h).
3
Suppose 164*j = 162*j + 8. Let o(z) = z**2 - 5*z + 5. Give o(j).
1
Let d = 97 + -97. Let t(a) be the second derivative of -a**5/20 + a**3/6 + 9*a**2/2 + 9*a. What is t(d)?
9
Let u(b) = b**2 - 29*b - 19. Let j(m) = -2*m**2 + 84*m + 58. Let l(x) = -3*j(x) - 8*u(x). What is l(-9)?
-4
Let o(r) = -29*r - 1. Let b = -241 - -242. Give o(b).
-30
Let c(f) be the first derivative of -41 - 1/3*f**3 + 2*f - 4*f**2. Determine c(-8).
2
Let w(i) = -i**3 + 7*i**2. Let j = 586 - 579. Calculate w(j).
0
Let b(s) = 491*s + 0 - 163*s - 165*s - 4 - 161*s. Calculate b(-6).
-16
Suppose f - 4*g - 8 = 0, -2*f = -7*f - 5*g - 10. Let d(o) = -5*o**2 + 7*o - 27. Let j(n) = 4*n**2 - 6*n + 25. Let z(r) = 5*d(r) + 6*j(r). Give z(f).
15
Let a = 1 + -1. Let p(l) be the second derivative of 0 + 2*l**2 + 1/6*l**3 - 28*l. Give p(a).
4
Let f(r) = -3*r + 111. Let n be f(34). Let l(i) = -i**3 + 9*i**2 + 2*i - 4. Give l(n).
14
Let o be -6*((-280)/84 - 8/(-2)). Let t(r) = -r**2 + 2. Give t(o).
-14
Let k(x) = x + 3*x - 2*x + 17731 - 17730. Let u be 1/(-1 + (-6)/(-4)). Determine k(u).
5
Let q be 20/100 - 71/5. Let u(z) = z + 10. What is u(q)?
-4
Let k(s) = -s**2 - s. Let m = 38 + -42. Let a(h) = -5*h**2 - 9*h. Let q(n) = m*k(n) + a(n). Give q(-3).
6
Let a(w) be the second derivative of -5/6*w**3 + 0 - 2*w + 0*w**2 - 1/12*w**4. Give a(-5).
0
Let v = 0 + 8. Suppose v = -5*w - 17. Let d be (-2)/10 - (-14)/w. Let j(h) = h**3 + h**2 - 4*h + 1. Calculate j(d).
-5
Suppose -2*w + 2 = -2, -4*q = 3*w - 42. Let k = q - 13. Let a(f) = f**2 + 5*f + 3. Determine a(k).
-1
Suppose 0*b = 4*b. Suppose -5*a + y + 31 = -0*y, b = -2*a + 3*y + 15. Let v(n) = n**3 - 6*n**2 - 2. Calculate v(a).
-2
Let m be ((-112)/21)/((-2)/6). Let l = -11 + m. Let g(o) be the second derivative of o**4/12 - 5*o**3/6 + o**2 + 3*o. What is g(l)?
2
Let g be 2 + 0 + 2 - 2. Let d(p) = 10*p**2 - 10*p + 1. Let h(q) be the first derivative of 7*q**3/3 - 7*q**2/2 + q - 13. Let o(l) = 5*d(l) - 7*h(l). Give o(g).
0
Let u(m) = 0 + 6*m - m**3 - 7*m + 4 - 2*m + 4*m**2 + 2*m**2. What is u(4)?
24
Let c be 0/(12*(-5)/(-15)). Let l(n) = n**3 + n + 7. Determine l(c).
7
Suppose -2*c - 4*i = -26, 4*c - 25 = 3*c - 5*i. Let q(a) be the second derivative of -1/3*a**3 + 2*a**2 + 0 - a. Determine q(c).
-6
Suppose 0 = -11*x + 19*x + 40. Let j(c) = 2*c - 10. What is j(x)?
-20
Let f(c) be the second derivative of c**3/3 - 13*c**2/2 + 425*c. Calculate f(8).
3
Let f = -1 + 8. Let g = -49 + 52. Let q(i) = 16*i + g - f - 15*i. Give q(5).
1
Let w(a) = -2*a**3 - 5*a**2 - 3*a - 1. Suppose 0 = 6*t - 0*t + 6. Let c be (t + -1)*(11 + -13). Suppose -5*d = l + 11, -c*d + 5*l = 2*l + 24. Determine w(d).
17
Let r(o) = -7*o**2 - 2404 + 3*o**3 - 4*o**3 + 8*o + 2406. Calculate r(-8).
2
Let v be 2/((-12)/(-48) - (-3)/4). Let x = 5 - 4. Let s(r) = -r + x + 2*r**2 + r**2 - 2*r**2. What is s(v)?
3
Let y(b) = -b**3 - 4*b**2 - 3*b + 4. Let t be y(-3). Let o be (4*-1)/((-2)/t). Let l(g) = 3*g + 0*g**3 - g**3 - o*g + 1 + 3*g + g**2. What is l(1)?
-1
Let h = -61 - -101. Let s = h + -33. Let j(g) = -g**2 + 8*g - 8. Give j(s).
-1
Let u(m) = 4*m**2 - 3*m - 14. Let n(r) = -9*r**2 + 6*r + 30. Let b(d) = 6*n(d) + 13*u(d). Suppose -17 = 4*c - 5. Calculate b(c).
-11
Let n = 10 - 16. Let f(c) be the third derivative of -1/24*c**4 - 1/10*c**5 + 0 - 1/120*c**6 + 7*c**2 + 0*c - 1/6*c**3. Calculate f(n).
5
Let u(c) = 5*c - 2. Let l = 6 - 5. Let o be (-2 + -3 - l)*2/(-6). Give u(o).
8
Suppose -2*f + 72 = f. Let j = f - 22. Let t(b) = b**3 + b**2 - 2. Determine t(j).
10
Let j = 23 - 16. Suppose -3*b - 12 = -j*b. Let f(y) = -2*y + 1. Let z(i) = 2*i - 1. Let h(k) = -5*f(k) - 4*z(k). Give h(b).
5
Let g(i) = i**3 - 3*i**2 - 4*i + 4. Let b(z) = z**3 - 12*z**2 - 26*z - 24. Let w be b(14). Give g(w).
4
Let b(l) be the third derivative of l**3 + 12*l**2 + 0*l + 0 + 1/12*l**4. Determine b(-8).
-10
Let v(h) = h**2 + 5*h + 6. Let n be v(-4). Let t(z) = 2*z + 0 - 6 + z**3 + 3*z**2 - 4*z + n*z**2. Give t(-5).
4
Let g(l) = l + 19. Let q be -14 - (-2 - (6 - 12)). Give g(q).
1
Suppose 64 - 72 = -4*p. Let q(n) = 5 - 1 - 10 + p*n + 5. What is q(5)?
9
Let v = 150 - 126. Let s = 17 + -8. Suppose v = -3*d + s. Let r(u) = -u**3 - 5*u**2 - 2*u - 5. Determine r(d).
5
Let a(l) = l - 11. Let r be -1 + 1 + 4*30/20. What is a(r)?
-5
Let l(p) be the third derivative of p**6/120 + p**5/12 - p**4/4 - 4*p**3/3 + 8*p**2. Let v be 68/5 - (3 + (-17)/5). Suppose 5*w + v = -16. What is l(w)?
-8
Let k be (84/10 - (-16)/(-40)) + -2. Let g(v) be the third derivative of -v**5/60 + 7*v**4/24 + 2*v**3/3 - v**2. Determine g(k).
10
Let q = 68 - 41. Let u be 36/q*(-9)/2 + 0. Let b(a) = 20*a**2 - 2*a - 12. Let s(z) = 7*z**2 - z - 4. Let f(g) = -6*b(g) + 17*s(g). What is f(u)?
-2
Let j = -31 - -35. Let p(c) = -c + 5. Give p(j).
1
Let r(m) be the second derivative of -m**5/10 + m**4/12 - m**3/2 + m**2 + 32*m. Calculate r(2).
-16
Let o(p) = 2*p - 29 + 3*p + 26 - 2*p**2. Determine o(3).
-6
Let m(v) be the first derivative of -v**4/4 + v**3/3 - 3*v**2/2 + 2*v - 44. Let b be (30/9 + -2)*27. Let n be (-8)/b + (-40)/(-18). What is m(n)?
-8
Let s(t) be the second derivative of t**5/20 + t**4/3 - 5*t**3/6 - 3*t**2 + 2*t. Let r be (-1)/4 + (-795)/(-12). Let v = r - 71. What is s(v)?
-6
Let g(r) be the third derivative of r**4/24 - 11*r**3/6 - 153*r**2. What is g(4)?
-7
Let d(z) be the third derivative of -z**4/24 + z**2. Suppose t = 4, 22 = -o + 3*o + 5*t. Let s(p) = p - 4. Let w(v) = o*s(v) + 2*d(v). Give w(-3).
-1
Let f(m) = -2*m + 2. Let s be 11 - ((-4)/12 + 30/9). Let c(d) = -d + 1. Let j(g) = s*c(g) - 3*f(g). Determine j(2).
-2
Let q(y) = y**3 - 8*y**2 + 7*y - 12. Let u be -4 + (-9 + 11 - -10). Give q(u).
44
Let i = -440 + 644. Let k = i - 201. Let g(b) be the first derivative of -b**2/2 - 3*b - 1. Determine g(k).
-6
Let q(x) = x**3 + 5*x**2 - 8*x - 8. Let f be q(-6). Let t(z) = -f*z - 2*z**2 + 3*z + z**2 - 1. Calculate t(-2).
-3
Let c(i) = 2*i + 0 - 3 - 3*i. Let s = 3274 - 3277. Give c(s).
0
Let b(c) be the third derivative of -c**4/4 + c**3/6 - 2*c**2 + 10. Suppose 0 = 5*o - 2*o + 3. Give b(o).
7
Let f(c) = 2*c - 29. Let d be f(13). Let m be 4*(-1 + d/4). Let o(v) = v + 8. What is o(m)?
1
Let n(a) be the third derivative of a**4/24 - 13*a**3/6 + a**2. Suppose 3 = -4*t - r, 4 - 7 = t + r. Let v be (-1 + 1 + 1)*t. Give n(v).
-13
Suppose -7*d + 0*d = 0. Let n(u) = d + 53*u**2 - 58*u**2 - 3*u - 3. Give n(-2).
-17
Let k(y) = 5 - 4*y + y**2 - y + 0*y. Let n = 111 + -94. Suppose 0 = n*o - 23*o + 30. Calculate k(o).
5
Let l(s) be the second derivative of -s**5/20 + s**4/6 - s**2/2 - s. Let b be (2/(-12))/((-132)/792). Give l(b).
0
Let r(i) be the first derivative of -3/2*i**2 - 1/3*i**3 + 5*i + 1. Suppose 28*m + 335 = -39*m. Give r(m).
-5
Let f(v) = -v**2 + 7*v - 7. Let l be f(5). Let u(n) = 6*n + l - n + n**3 - 2*n + 5*n**2. Determine u(-5).
-12
Let j = 117 + -104. Let k(p) = 9 + 11 + p**2 + j*p - 9 + 5. Give k(-11).
-6
Let w(y) = 3 + 21*y - 47*y - 2*y**2 + 29*y. Calculate w(3).
-6
Let r(u) be the th